{"id":253,"date":"2023-03-16T11:05:16","date_gmt":"2023-03-16T07:05:16","guid":{"rendered":"http:\/\/modal.re\/home\/?page_id=253"},"modified":"2023-03-16T11:05:29","modified_gmt":"2023-03-16T07:05:29","slug":"partenaires","status":"publish","type":"page","link":"https:\/\/modal.re\/home\/collaborateurs\/partenaires\/","title":{"rendered":"Partenaires"},"content":{"rendered":"\n<p>Ses entreprises ont collabor\u00e9 \u00e0 la r\u00e9ussite du dispositif MODAL.<\/p>\n","protected":false},"excerpt":{"rendered":"<p>Ses entreprises ont collabor\u00e9 \u00e0 la r\u00e9ussite du dispositif MODAL.<\/p>\n","protected":false},"author":1,"featured_media":0,"parent":106,"menu_order":0,"comment_status":"closed","ping_status":"closed","template":"","meta":{"site-sidebar-layout":"default","site-content-layout":"","ast-site-content-layout":"","site-content-style":"default","site-sidebar-style":"default","ast-global-header-display":"","ast-banner-title-visibility":"","ast-main-header-display":"","ast-hfb-above-header-display":"","ast-hfb-below-header-display":"","ast-hfb-mobile-header-display":"","site-post-title":"","ast-breadcrumbs-content":"","ast-featured-img":"","footer-sml-layout":"","theme-transparent-header-meta":"","adv-header-id-meta":"","stick-header-meta":"","header-above-stick-meta":"","header-main-stick-meta":"","header-below-stick-meta":"","astra-migrate-meta-layouts":"","footnotes":""},"class_list":["post-253","page","type-page","status-publish","hentry"],"jetpack_sharing_enabled":true,"_links":{"self":[{"href":"https:\/\/modal.re\/home\/wp-json\/wp\/v2\/pages\/253","targetHints":{"allow":["GET"]}}],"collection":[{"href":"https:\/\/modal.re\/home\/wp-json\/wp\/v2\/pages"}],"about":[{"href":"https:\/\/modal.re\/home\/wp-json\/wp\/v2\/types\/page"}],"author":[{"embeddable":true,"href":"https:\/\/modal.re\/home\/wp-json\/wp\/v2\/users\/1"}],"replies":[{"embeddable":true,"href":"https:\/\/modal.re\/home\/wp-json\/wp\/v2\/comments?post=253"}],"version-history":[{"count":2,"href":"https:\/\/modal.re\/home\/wp-json\/wp\/v2\/pages\/253\/revisions"}],"predecessor-version":[{"id":255,"href":"https:\/\/modal.re\/home\/wp-json\/wp\/v2\/pages\/253\/revisions\/255"}],"up":[{"embeddable":true,"href":"https:\/\/modal.re\/home\/wp-json\/wp\/v2\/pages\/106"}],"wp:attachment":[{"href":"https:\/\/modal.re\/home\/wp-json\/wp\/v2\/media?parent=253"}],"curies":[{"name":"wp","href":"https:\/\/api.w.org\/{rel}","templated":true}]}}